Calculate the greatest common divisor of 20 and 398.
2
What is the highest common divisor of 405 and 81?
81
Calculate the greatest common divisor of 243 and 45.
9
What is the highest common divisor of 195 and 10075?
65
What is the greatest common factor of 24 and 2504?
8
Calculate the greatest common divisor of 9348 and 24.
12
What is the greatest common divisor of 95 and 40?
5
What is the greatest common divisor of 1080 and 30?
30
Calculate the highest common divisor of 437 and 19.
19
What is the greatest common divisor of 25753 and 13?
13
Calculate the highest common divisor of 17155 and 73.
73
Calculate the highest common factor of 66 and 704.
22
Calculate the greatest common factor of 602 and 6278.
86
Calculate the highest common divisor of 32 and 176.
16
What is the highest common divisor of 6757 and 58?
29
Calculate the greatest common factor of 3367 and 91.
91
Calculate the greatest common factor of 667 and 23.
23
Calculate the greatest common divisor of 38 and 665.
19
What is the highest common factor of 27 and 765?
9
Calculate the highest common divisor of 160 and 10.
10
Calculate the greatest common divisor of 190 and 15770.
190
Calculate the greatest common factor of 187 and 341.
11
Calculate the greatest common divisor of 20 and 3890.
10
Calculate the highest common factor of 80 and 4740.
20
Calculate the greatest common divisor of 121 and 2123.
11
Calculate the greatest common divisor of 248 and 8.
8
What is the greatest common divisor of 256 and 8?
8
Calculate the highest common factor of 2070 and 1350.
90
Calculate the highest common factor of 68 and 26146.
34
Calculate the highest common divisor of 183 and 3.
3
Calculate the highest common factor of 12 and 1194.
6
Calculate the highest common divisor of 112 and 1666.
14
Calculate the greatest common divisor of 984 and 60.
12
What is the highest common factor of 123 and 287?
41
What is the highest common divisor of 95 and 684?
19
What is the greatest common divisor of 165 and 135?
15
Calculate the greatest common divisor of 20 and 515.
5
Calculate the greatest common divisor of 11 and 1122.
11
What is the greatest common divisor of 1337 and 3438?
191
Calculate the greatest common factor of 7 and 166.
1
Calculate the greatest common factor of 7194 and 18.
6
Calculate the highest common factor of 13354 and 88.
22
What is the greatest common divisor of 23474 and 484?
242
What is the highest common factor of 18034 and 142?
142
Calculate the greatest common factor of 3657 and 69.
69
What is the highest common factor of 1610 and 70?
70
What is the greatest common factor of 27 and 3456?
27
Calculate the highest common factor of 3140 and 20.
20
What is the highest common divisor of 15296 and 239?
239
What is the greatest common factor of 494 and 10?
2
What is the highest common factor of 56 and 80?
8
Calculate the greatest common factor of 5846 and 148.
74
What is the highest common factor of 21 and 24192?
21
What is the greatest common factor of 100 and 1052?
4
Calculate the greatest common factor of 212 and 108.
4
What is the highest common factor of 826 and 236?
118
What is the greatest common divisor of 25 and 325?
25
What is the highest common factor of 5 and 3125?
5
Calculate the greatest common factor of 1848 and 11.
11
Calculate the greatest common factor of 15700 and 25.
25
What is the highest common divisor of 35 and 287?
7
What is the greatest common divisor of 567 and 28?
7
Calculate the greatest common factor of 2147 and 190.
19
What is the greatest common divisor of 228 and 3572?
76
What is the greatest common factor of 82 and 15211?
41
Calculate the greatest common factor of 43 and 1505.
43
Calculate the greatest common factor of 84 and 36.
12
What is the highest common divisor of 2178 and 3?
3
What is the highest common divisor of 39 and 208?
13
Calculate the greatest common factor of 344 and 48.
8
Calculate the highest common factor of 6 and 14.
2
What is the highest common factor of 342 and 27?
9
Calculate the highest common divisor of 71 and 3124.
71
What is the highest common divisor of 198 and 88?
22
What is the greatest common divisor of 47 and 150?
1
Calculate the highest common factor of 981 and 18.
9
What is the greatest common divisor of 35 and 535?
5
What is the greatest common divisor of 3520 and 16?
16
Calculate the greatest common divisor of 904 and 8.
8
Calculate the highest common factor of 451 and 205.
41
Calculate the highest common divisor of 360 and 5220.
180
Calculate the highest common factor of 464 and 16.
16
Calculate the highest common divisor of 735 and 90.
15
Calculate the highest common divisor of 3 and 1821.
3
Calculate the greatest common factor of 360 and 792.
72
Calculate the greatest common factor of 1007 and 477.
53
What is the greatest common factor of 52 and 169?
13
What is the highest common divisor of 1691 and 19?
19
Calculate the greatest common factor of 532 and 1029.
7
What is the highest common factor of 18 and 4194?
18
Calculate the highest common factor of 32 and 14.
2
Calculate the greatest common divisor of 8989 and 101.
101
Calculate the greatest common divisor of 30 and 138.
6
What is the greatest common factor of 10101 and 156?
39
Calculate the greatest common divisor of 19 and 817.
19
What is the greatest common divisor of 280 and 168?
56
What is the highest common factor of 45033 and 102?
51
Calculate the greatest common divisor of 284 and 4.
4
What is the highest common divisor of 104 and 6136?
104
Calculate the highest common factor of 96 and 8.
8
Calculate the greatest common factor of 1027 and 158.
79
Calculate the highest common divisor of 30 and 2490.
30
What is the greatest common factor of 1666 and 85?
17
Calculate the highest common divisor of 375 and 15.
15
Calculate the highest common factor of 2323 and 46.
23
Calculate the highest common factor of 18 and 4869.
9
What is the highest common divisor of 576 and 16?
16
What is the greatest common factor of 1 and 16?
1
Calculate the highest common factor of 1952 and 244.
244
Calculate the greatest common factor of 3818 and 184.
46
Calculate the greatest common divisor of 72 and 5328.
72
What is the greatest common factor of 58177 and 7?
7
What is the greatest common factor of 12455 and 265?
265
Calculate the greatest common divisor of 297 and 44.
11
Calculate the greatest common divisor of 272 and 176.
16
Calculate the greatest common factor of 612 and 3740.
68
Calculate the greatest common factor of 42 and 77.
7
What is the greatest common factor of 19 and 817?
19
Calculate the highest common divisor of 124 and 10106.
62
What is the highest common factor of 23 and 68793?
23
Calculate the greatest common factor of 2574 and 54.
18
What is the highest common factor of 39 and 325?
13
Calculate the highest common factor of 9926 and 14.
14
Calculate the greatest common factor of 8 and 100.
4
Calculate the greatest common factor of 770 and 1694.
154
What is the highest common factor of 693 and 99?
99
What is the greatest common divisor of 12 and 420?
12
What is the highest common factor of 600 and 80?
40
Calculate the highest common factor of 2409 and 297.
33
What is the highest common divisor of 15 and 285?
15
What is the highest common factor of 46 and 23?
23
Calculate the greatest common factor of 511 and 73.
73
What is the greatest common divisor of 79057 and 11?
11
Calculate the highest common factor of 6 and 96.
6
Calculate the greatest common factor of 691 and 1.
1
What is the greatest common divisor of 47 and 141?
47
Calculate the greatest common divisor of 135 and 80.
5
What is the highest common factor of 112 and 84?
28
Calculate the highest common divisor of 84 and 224.
28
Calculate the highest common divisor of 952 and 782.
34
What is the greatest common factor of 155 and 10385?
155
What is the greatest common factor of 62 and 186?
62
What is the greatest common divisor of 76 and 1900?
76
Calculate the highest common divisor of 225 and 11925.
225
Calculate the highest common factor of 1899 and 422.
211
What is the highest common divisor of 95 and 456?
19
What is the highest common factor of 7178 and 194?
194
What is the highest common factor of 12 and 76?
4
What is the greatest common factor of 259 and 140?
7
Calculate the greatest common divisor of 136 